9 prime?
False
Is 177715157 a composite number?
True
Is 6880463 a composite number?
True
Is 918745153 prime?
False
Is 99052033 prime?
True
Is 115393679 a composite number?
True
Is 43376231 prime?
False
Is 1741731 prime?
False
Is 2078537 prime?
True
Is 24215819 composite?
False
Is 50241887 a prime number?
True
Is 25932215 composite?
True
Is 12081077 a prime number?
False
Is 497689 a prime number?
True
Is 53212139 composite?
False
Is 21294187 prime?
True
Is 48619149 composite?
True
Is 43433723 a composite number?
False
Is 11999257 composite?
False
Is 56769469 a composite number?
True
Is 3739781 prime?
False
Is 18999209 prime?
True
Is 6082711 prime?
True
Is 4360909 prime?
False
Is 456586091 composite?
True
Is 983083 prime?
True
Is 37134313 composite?
False
Is 429623 composite?
True
Is 49191581 composite?
True
Is 56306203 composite?
False
Is 524591 prime?
True
Is 17640617 a prime number?
True
Is 1196701 a composite number?
True
Is 3968605 a prime number?
False
Is 45564503 a composite number?
False
Is 38362279 prime?
True
Is 165135151 a prime number?
True
Is 2683447 prime?
False
Is 42947 a composite number?
True
Is 1154771 prime?
True
Is 2748919 a composite number?
False
Is 10527953 a prime number?
False
Is 48549877 a prime number?
True
Is 21120163 prime?
True
Is 224784097 prime?
True
Is 230333783 a composite number?
True
Is 26020037 a prime number?
True
Is 293782 prime?
False
Is 44627207 a prime number?
True
Is 3304261 a composite number?
False
Is 5503403 a prime number?
True
Is 11635661 prime?
True
Is 16543327 prime?
True
Is 1099121 prime?
True
Is 3329211 a prime number?
False
Is 66239438 a composite number?
True
Is 8974318 prime?
False
Is 3296863 a prime number?
True
Is 1154917 a prime number?
False
Is 19960939 a prime number?
False
Is 384411641 a prime number?
False
Is 428111 composite?
True
Is 21757058 composite?
True
Is 14683847 a composite number?
True
Is 17912693 composite?
True
Is 1268369 composite?
False
Is 4183349 a composite number?
False
Is 834167 a composite number?
True
Is 96167193 a prime number?
False
Is 4302469 a prime number?
False
Is 23870653 composite?
False
Is 3537863 a composite number?
True
Is 469957 composite?
False
Is 9818927 prime?
False
Is 52070899 composite?
True
Is 68729 a composite number?
False
Is 3368171 a composite number?
False
Is 3481757 prime?
False
Is 152431739 a composite number?
False
Is 12298829 prime?
True
Is 6234953 a prime number?
False
Is 10362409 composite?
True
Is 132140717 a prime number?
False
Is 389503 prime?
False
Is 6591017 a composite number?
True
Is 29541383 a prime number?
True
Is 12041047 a composite number?
False
Is 8291281 composite?
False
Is 407947 a prime number?
True
Is 891046187 composite?
False
Is 70758421 a composite number?
False
Is 10283353 composite?
False
Is 7074607 prime?
True
Is 2138083 a prime number?
False
Is 16520473 prime?
True
Is 96884509 composite?
True
Is 643197 prime?
False
Is 366653 prime?
False
Is 251162609 composite?
True
Is 39756281 a prime number?
True
Is 1910869 prime?
True
Is 31282111 a prime number?
False
Is 469540945 prime?
False
Is 2479322 a composite number?
True
Is 229872455 composite?
True
Is 6779557 a composite number?
False
Is 22921013 a prime number?
True
Is 24156107 a composite number?
True
Is 1357561 prime?
True
Is 4126301 a prime number?
True
Is 2415671 a composite number?
True
Is 19293517 a composite number?
True
Is 2900581 prime?
True
Is 15944987 prime?
True
Is 60194279 a composite number?
False
Is 12470771 a composite number?
True
Is 2889998 a composite number?
True
Is 32549017 a prime number?
True
Is 4484449 a prime number?
True
Is 339326501 a composite number?
False
Is 9156281 composite?
False
Is 10955671 prime?
True
Is 8759743 prime?
False
Is 7063039 composite?
False
Is 9629753 a composite number?
True
Is 18712709 composite?
False
Is 16883917 a prime number?
False
Is 3210167 a composite number?
False
Is 110979109 a prime number?
False
Is 4883357 a prime number?
True
Is 68392213 prime?
False
Is 108073985 prime?
False
Is 524988289 prime?
False
Is 416101267 a prime number?
False
Is 1401176749 composite?
True
Is 144711194 prime?
False
Is 2439427 composite?
False
Is 4689341 prime?
True
Is 1496917 composite?
False
Is 54104719 prime?
False
Is 7271111 a prime number?
True
Is 359066395 composite?
True
Is 23801002 prime?
False
Is 81840673 a composite number?
False
Is 11461543 prime?
True
Is 32491267 composite?
True
Is 11136277 prime?
False
Is 16336121 a composite number?
False
Is 265806251 a composite number?
False
Is 29637499 a prime number?
True
Is 13682189 prime?
True
Is 20348819 a composite number?
False
Is 22522443 prime?
False
Is 1162193 prime?
True
Is 5904833 prime?
False
Is 12853114 prime?
False
Is 24296741 composite?
True
Is 804689 composite?
False
Is 6147847 prime?
True
Is 38314361 a composite number?
False
Is 34838737 composite?
False
Is 230417 composite?
True
Is 177318563 a composite number?
True
Is 2362259 a composite number?
True
Is 5161289 composite?
True
Is 21867289 composite?
True
Is 18573101 a prime number?
True
Is 5441179 a prime number?
False
Is 294495049 composite?
False
Is 15865739 prime?
True
Is 199971403 prime?
False
Is 5071489 composite?
True
Is 28069373 composite?
False
Is 224635 composite?
True
Is 132017 prime?
False
Is 93631921 composite?
False
Is 26657843 a prime number?
False
Is 7472207 a prime number?
False
Is 1325671 composite?
True
Is 159537083 a prime number?
True
Is 6440873 composite?
False
Is 253963879 a composite number?
True
Is 4031441 a prime number?
True
Is 2364359 a prime number?
False
Is 18134959 prime?
False
Is 43783793 composite?
False
Is 47281807 composite?
False
Is 1069127 a prime number?
True
Is 208625143 a composite number?
False
Is 2863101 prime?
False
Is 724753 composite?
True
Is 4772993 a composite number?
False
Is 281085689 prime?
True
Is 196743467 a prime number?
False
Is 37955383 prime?
True
Is 1017971 a composite number?
True
Is 35817539 a prime number?
True
Is 15118234 composite?
True
Is 54055147 a prime number?
True
Is 21278261 a prime number?
True
Is 17011 a composite number?
False
Is 2702393 prime?
True
Is 121900273 a composite number?
True
Is 269944321 composite?
False
Is 12901081 composite?
False
Is 27218077 prime?
True
Is 36676459 prime?
False
Is 26525827 a composite number?
True
Is 305718167 composite?
False
Is 175803 a prime number?
False
Is 15986739 a composite number?
True
Is 446348257 composite?
False
Is 1490549 a composite number?
True
Is 3447991 a composite number?
True
Is 94558955 prime?
False
Is 887906 a prime number?
False
Is 47066689 a composite number?
True
Is 6414271 a prime number?
False
Is 124820903 a composite number?
False
Is 96540677 prime?
True
Is 3719893 a prime number?
False
Is 7103249 a prime number?
True
Is 9163813 prime?
True
Is 5228309 prime?
True
Is 9671527 prime?
True
Is 1455221 a composite number?
True
Is 67965153 a prime number?
False
Is 117540721 prime?
True
Is 192151657 a composite number?
False
Is 6172697 a prime number?
True
Is 25548871 a prime number?
False
Is 36741401 prime?
False
Is 13480721 a composite number?
False
Is 7680269 a prime number?
True
Is 1489487 composite?
True
Is 18346481 composite?
True
Is 9565579 a prime number?
True
Is 10953749 composite?
True
Is 7976513 prime?
True
Is 2624203 a prime number?
True
Is 7798247 a composite number?
True
Is 785604581 composite?
False
Is 73314391 a prime number?
False
Is 137261 prime?
False
Is 157457 a composite number?
False
Is 5103973 composite?
True
Is 3585581 composite?
False
Is 44339663 prime?
False
Is 7207321 prime?
False
Is 583838491 a composite number?
False
Is 1695191 a prime number?
True
Is 12380597 prime?
True
Is 84680069 prime?
True
Is 3927397 a prime number?
False
Is 123794733 a composite number?
True
Is 462097 a composite number?
False
Is 2436311 a composite number?
False
Is 32277527 a composite number?
True
Is 443955191 a composite number?
True
Is 1917049 composite?
False
Is 14444249 prime?
False
Is 23931827 composite?
False
Is 85510979 a composite number?
False
Is 26349329 a prime number?
False
Is 28623449 composite?
False
Is 50711617 a prime number?
False
Is 5345533 prime?
False
Is 616670939 a composite number?
False
Is 52673189 composite?
True
Is 66250027 a composite number?
False
Is 1091147 a